?
4
Suppose -687 = -5*h + y + 44, 0 = 4*h - 3*y - 576. What is the hundreds digit of h?
1
Let j = -13872 - -30861. What is the tens digit of j?
8
Let y = 7733 - -10261. What is the tens digit of y?
9
What is the units digit of (2 - 1) + ((-14)/28)/(2/(-4172))?
4
Let u(h) = 18*h + 16*h - 253 - 110*h + 2*h. What is the hundreds digit of u(-7)?
2
Let w = 3647 + -3169. Let z = -5 + 10. Suppose -z*p + 22 - 2 = 0, -5*g + 3*p + w = 0. What is the tens digit of g?
9
Suppose -5 = -5*a + 10, 4*t - 10524 = 4*a. What is the tens digit of 0 + 4*t/24?
3
Let p(u) = -u**3 + 6*u**2 - 3*u - 10. Let n be p(4). Suppose -n*x - 13*x = -6256. What is the units digit of x?
2
Let s(t) = 2*t**2 + 9*t + 130. Let h(f) = f - 14. Let n be h(-6). What is the tens digit of s(n)?
5
Let a(t) be the third derivative of -t**6/120 - 3*t**5/20 - 5*t**4/24 + 2*t**3/3 - 2*t**2. Let r be -13 - (-4 - (2 - 2)). What is the units digit of a(r)?
9
Suppose -5*z = 3*o - 26984, 52*o + 6 = 49*o. What is the hundreds digit of z?
3
Suppose -2*p = -6*p + 5*t - 27, 12 = 4*t. What is the units digit of ((-5)/(-10))/(p/(-1434))?
9
Let o(l) = 13984*l**2 + 19*l - 20. What is the tens digit of o(1)?
8
Suppose -1635 + 1645 = -5*x, 4*x = 2*b - 54520. What is the tens digit of b?
5
Let n(c) = 227*c**2 + 9*c - 7. What is the hundreds digit of n(-2)?
8
Let a = 140 - 145. Let v(n) = -8*n - 35. Let i be v(a). Suppose -i*h + 0*h + 3*u + 1130 = 0, 3*h - u - 678 = 0. What is the hundreds digit of h?
2
Let o = 21180 + -10117. What is the ten thousands digit of o?
1
Suppose -4*m = -4*t - 169628, -325450 = -5*m - 2*t - 113429. What is the thousands digit of m?
2
Suppose 21*y = 24*y - 4092. Suppose 0 = -5*i + y + 5826. What is the units digit of i?
8
Let i = 154 + -104. Let a = i - -16. Suppose -382 = -4*o + a. What is the hundreds digit of o?
1
What is the hundreds digit of -1*1/8*(-85352 + 48)?
6
Let r = -331 + 334. Suppose r*a - 37 = 584. What is the units digit of a?
7
Suppose 0 = 885*z - 887*z - 4*a + 53260, -z = -5*a - 26672. What is the tens digit of z?
4
What is the thousands digit of (-10)/6 + -6*173348/(-126)?
8
What is the tens digit of (13 + (-609)/58)/((-1)/(-3070))?
7
Let j(x) = 2*x**3 + 4*x**2 - 65*x - 23. Let k be j(23). Suppose -9*z = -32*z + k. What is the thousands digit of z?
1
Let k(w) be the third derivative of -19*w**4/6 + 13*w**3/6 + 186*w**2. What is the units digit of k(-13)?
1
Let v = -264 + 574. What is the hundreds digit of v?
3
Let y(b) = b**3 + 49*b**2 + 303*b + 21. What is the units digit of y(-35)?
6
Suppose -5*j - 35 = 0, j = -2*i + 6974 + 31233. What is the thousands digit of i?
9
Let v(x) = 5*x + 3. Let i(d) = -22*d - 29. Let z(c) = i(c) + 7*v(c). Let b(f) = 7*f. Let j be b(3). What is the units digit of z(j)?
5
Suppose 0 = 5*m + 5*r - 7875, 48*r = 51*r. What is the tens digit of m?
7
Let l = 302 + -288. What is the tens digit of (12/l)/((-48)/(-47208))?
4
Let i = 104 - 104. Suppose i*a - 2060 = -4*j - 4*a, -j + 540 = -4*a. What is the tens digit of j?
2
Suppose -29*n + 388554 = 31*n + 126*n. What is the thousands digit of n?
2
Let j(s) = s**3 - 7*s**2 - 11*s + 18. Let l be j(8). What is the units digit of l*(-573)/(-2)*-1 + 6?
5
What is the thousands digit of 4/(-46) + ((-193583952)/(-621))/16?
9
Let b be (12 - (-112 + 4))*(-2)/3. What is the hundreds digit of 2/(16/b*(-2)/188)?
9
Suppose 18*n - 39*n = -19*n - 14462. What is the units digit of n?
1
Let p = 31142 + -17262. What is the tens digit of p?
8
Let i = 46263 - 32329. What is the thousands digit of i?
3
Suppose v + 2*j - 4 = -0, 5*v = 2*j - 4. Suppose 4*c = -4*o + 480, -4*c - 5 + 21 = v. What is the tens digit of o?
1
Let u be -15*4/(-60) - -4*494. Let a = -1088 + u. What is the units digit of a?
9
Suppose -1871*q + 63612 = -1853*q. What is the units digit of q?
4
Let u(z) = 13*z - 78. Let f be u(6). Suppose -d + 33 + 100 = f. What is the hundreds digit of d?
1
Suppose -4*w + v = -33, v - 6*v - 21 = -2*w. Suppose x + w = 4. What is the hundreds digit of -1 - (x/10 - (-1346)/(-10))?
1
Let h(c) = -5*c**3 - 8*c**2 + 6. Let p(u) = -2*u - 29. Let y = 31 - 44. Let l be p(y). What is the units digit of h(l)?
9
Let q be ((-27)/(-15) + -2)*-5. Suppose -r - q = -3. Suppose 3*n = -4*s + 38, -3*n - r = -2*n. What is the tens digit of s?
1
Let j(k) = -2574*k - 987. What is the thousands digit of j(-16)?
0
Suppose -183*v + 3549 = -176*v. Suppose -3*x + 5*p + 325 + 47 = 0, 4*x - 3*p - v = 0. What is the hundreds digit of x?
1
Let m = -567 + 141. Let x be m*(-3)/15*-5. Let g = -188 - x. What is the hundreds digit of g?
2
Suppose -4*i + 3*s + 16 = 0, -3*s - 20 = 2*s. Let n(w) = 49*w**2 + 4*w - 4. Let u be n(i). Suppose r = y - u, 2*y + y + 5*r = 115. What is the tens digit of y?
4
Suppose 109 + 35 = 3*x. Let i be (510/24)/(-17)*x/2. What is the units digit of 111 - 6/(i/25)?
6
Suppose -2*h - 255 = -5*h. Let y = 89 - h. What is the units digit of (-1)/(y/(-725)) - 2/8?
1
Let g be (-4)/30*-3 + (-529)/(-115). Suppose 4*x + 5*a = g*x - 301, 0 = 5*x - 4*a - 1568. What is the hundreds digit of x?
3
Let f = 9174 + -3783. What is the hundreds digit of f?
3
Suppose 5266 = r + r + 4*i, 3*i - 2635 = -r. Suppose -4*t = 7*t - r. What is the hundreds digit of t?
2
Let j be (84/(-8))/(-1 + 3/6). What is the units digit of 2/(-14) - (-24)/j?
1
What is the thousands digit of (-98034)/(-11) - (-8)/(-1056)*6*4?
8
Suppose -2*s + s = -5*x + 20, -x + 18 = -3*s. Suppose 0 = x*j - 3231 - 1293. Suppose -2*c - j = -15*c. What is the tens digit of c?
1
Let z = 4 - 30. Let c be z/78 - (-1)/3*-1604. What is the units digit of (0 + 1)/((-1)/c*5)?
7
Let q(d) = 5*d**2 + 49*d - 27. Let k(o) = -3*o**2 - 49*o + 28. Let m(s) = -3*k(s) - 2*q(s). What is the units digit of m(20)?
0
Suppose 175 = -211*l + 216*l. Suppose -365 = l*m - 6805. What is the hundreds digit of m?
1
Let u be -3*(-3)/9 + (0 - -14). Suppose 3 = -16*a + u*a. What is the tens digit of a/6 + (-1055)/(-10)?
0
Let q = -4918 + 12024. What is the hundreds digit of q?
1
Suppose 5*y + 6 = 2*l - 18, 0 = 5*l + 2*y - 31. Suppose -l*i + 1691 = -752. What is the hundreds digit of i?
3
Suppose j + 23 - 9 = -5*d, 36 = 4*j - 3*d. Suppose -135 = -j*t - 1539. What is the units digit of ((-18)/(-27))/((-4)/t)?
9
Suppose z - 41 = -3*a, -4*z - 2*a + 110 = -64. Suppose 0 = 11*b - 22*b + z. Suppose -5*v = -b*q + 239, q - 62 = 4*v - 5. What is the tens digit of q?
6
Let b = -3421 + 2127. Let l = -873 - b. What is the units digit of l?
1
Let i = 9094 - -33966. What is the tens digit of i?
6
Suppose -5*k + 49 = 24. Suppose 0*g = -k*g - 90. What is the units digit of 310*((-3)/g)/(6/18)?
5
Let x(d) = 3*d + 11259. What is the hundreds digit of x(-137)?
8
Suppose 51*t = 56*t + 100. Let o(z) = z + 25. Let p be o(t). Suppose -2*n + 63 = 2*c + 11, 160 = p*c - n. What is the tens digit of c?
3
Let u(v) = 3*v**2 - 424*v + 50. What is the units digit of u(-13)?
9
Suppose -29 = -4*s - 25. Suppose 3*n - 2*t = s, -3*n + 5*t = n - 6. What is the units digit of (2 - n)*(-32)/(-6)?
6
Let a be (-84)/63 - ((-3)/9 + 1). Let m(j) = j - 7. Let t be m(5). What is the units digit of (a + 52)*2/t*-1?
0
Suppose 29*j = -2*z + 26*j + 12731, z + j - 6365 = 0. What is the hundreds digit of z?
3
Let g = 26314 - -5348. What is the units digit of g?
2
Let t(q) = 105*q**2 + 9*q - 11. What is the units digit of t(5)?
9
Suppose 7*v + 903 = 3*d + 2*v, -4*v + 624 = 2*d. Suppose 15*k = 16*k + 4*g - 150, -k = -g - 120. What is the hundreds digit of (168/k)/(1 + (-302)/d)?
1
Suppose -133*o = -128*o + 5. What is the hundreds digit of (5558/98)/(o/(-7))?
3
Let d be 92 - ((-6)/(-33) + (-54)/(-66)). What is the tens digit of (-5218)/(-14) - (-26)/d?
7
Let k be 2 - (-1*44)/2. Let d = 8753 + -8753. Suppose d = 3*p - 87 + k. What is the tens digit of p?
2
Suppose 0*v = v - 3. Let u be (159 - v) + -2 + -1. Let w = u - 55. What is the units digit of w?
8
Suppose -h + 3*p = -p - 335, -2*p - 337 = -h. Let d = 5 + -2. Suppose -346 = -3*o - 4*w, -2*o + 5*o = d*w + h. What is the tens digit of o?
1
Let j be (1/(-1) - 14)/((-6)/10). Let o = j + -34. Let g = 48 - o. What is the units digit of g?
7
Suppose -25*i + 52*i = 775008. What is the hundreds digit of i?
7
Suppose 200*y = 90*y + 101*y + 236835. What is the units digit of y?
5
Let g(a) = -57*a**2 + 3*a + 2141. What is the hu